is c(31)?
83
Let d(o) = 56*o - 8887. Give d(159).
17
Let z(p) = p**3 - 3*p**2 - 69*p + 9. Give z(10).
19
Let f(v) = -v**2 + v + 74. Give f(0).
74
Let m(h) = -2*h**3 - 60*h**2 + 62*h - 3. Give m(-31).
-3
Let s(o) = -4397*o - 39576. Give s(-9).
-3
Let s(f) = 81*f - 1222. Determine s(14).
-88
Let w(d) = -9*d**2 + 14*d - 4. What is w(-4)?
-204
Let r(c) = -c**3 - 17*c**2 + 13*c - 59. Give r(-17).
-280
Let a(q) = -q**2 - 47*q - 103. Give a(-37).
267
Let g(m) = 64*m - 1535. What is g(24)?
1
Let u(z) = 89*z + 4587. Give u(-52).
-41
Let f(l) = l + 27. What is f(-39)?
-12
Let s(x) = -2*x**3 - 27*x**2 + 260*x + 7. What is s(-20)?
7
Let j(l) = -75*l + 623. Calculate j(16).
-577
Let d(g) = 6*g - 88. Calculate d(-9).
-142
Let i(v) = v**2 + 145*v - 5453. Give i(31).
3
Let y(s) = 113*s - 406. Determine y(5).
159
Let l(b) = 2*b**3 - 52*b**2 + 56*b - 158. Give l(25).
-8
Let g(n) = -5*n**3 + 55*n**2 + n + 4. Give g(11).
15
Let s(v) = -218*v - 229. Calculate s(-1).
-11
Let x(c) = 27*c + 132. Give x(-5).
-3
Let x(q) = 272*q + 811. What is x(-3)?
-5
Let z(f) = -96*f + 467. Give z(5).
-13
Let p(d) = 11*d**2 + 1338*d + 4716. What is p(-118)?
-4
Let a(p) = -29*p - 1255. What is a(-43)?
-8
Let p(q) = -q**3 + 65*q**2 + 581*q + 137. Give p(73).
-82
Let z(v) = -327*v + 3601. Give z(11).
4
Let u(d) = -3*d**2 + 333*d - 361. Determine u(110).
-31
Let y(d) = 4*d**2 - 3029*d + 26931. What is y(9)?
-6
Let q(z) = -z**3 + 2*z**2 + 13*z + 17. Calculate q(8).
-263
Let h(k) = 2*k**3 - 68*k**2 + 65*k + 34. What is h(33)?
1
Let s(n) = n**3 - 18*n**2 + 23*n + 6. Determine s(16).
-138
Let o(j) = 122*j + 819. Determine o(-15).
-1011
Let a(i) = 66*i - 724. Determine a(11).
2
Let r(s) = -s**3 + 8*s**2 + 3*s - 39. What is r(9)?
-93
Let a(u) = 6*u**3 + 6*u**2 - 7*u - 25. Give a(-3).
-112
Let g(p) = -2444*p - 26890. Determine g(-11).
-6
Let m(s) = -2803*s - 16798. Determine m(-6).
20
Let m(v) = 46*v - 3796. Give m(83).
22
Let u(i) = i**2 - 292*i - 5694. Give u(-18).
-114
Let t(l) = -4*l**2 - 169*l + 2089. Determine t(10).
-1
Let v(b) = -17*b - 248. Determine v(-14).
-10
Let j(z) = 38*z**2 - 6*z + 2. Determine j(1).
34
Let j(y) = -5*y**3 + 54*y**2 + 6*y - 27. Determine j(9).
756
Let q(l) = l**3 + 60*l**2 + 320*l - 48. Calculate q(-6).
-24
Let b(g) = -561*g + 8969. What is b(16)?
-7
Let z(v) = 2*v**3 + 55*v**2 - 32*v - 113. Give z(-28).
-1
Let d(k) = 193*k - 970. What is d(5)?
-5
Let m(p) = p**2 + 65*p + 336. Give m(-6).
-18
Let s(y) = -346*y + 2078. Determine s(6).
2
Let y(o) = -4*o**2 - 38*o + 51. Determine y(-15).
-279
Let v(c) = -274*c + 512. Give v(2).
-36
Let f(b) = 31*b**2 - 187*b + 1. Determine f(6).
-5
Let m(r) = -3*r**2 + 19*r - 70. Determine m(4).
-42
Let h(v) = 34*v - 227. Determine h(-10).
-567
Let i(u) = 14*u + 473. Determine i(-37).
-45
Let f(m) = 9*m**2 + 147*m + 395. Calculate f(-11).
-133
Let q(k) = -k**3 + 6*k**2 + 39*k - 234. Give q(6).
0
Let m(n) = n**3 - 41*n**2 + 50*n - 339. Determine m(40).
61
Let o(n) = 3*n - 30. Determine o(12).
6
Let w(u) = -u**3 + u**2 + 35*u - 9. Determine w(-6).
33
Let w(n) = -37*n - 132. What is w(-3)?
-21
Let f(v) = v**3 - 68*v**2 + 529*v + 8. Give f(9).
-10
Let o(k) = -375*k + 41249. Calculate o(110).
-1
Let s(l) = l**3 + 12*l**2 - 43*l - 25. Give s(-11).
569
Let c(r) = 10*r + 627. Give c(-58).
47
Let g(k) = -3*k**3 - 30*k**2 - 55*k - 60. Calculate g(-8).
-4
Let q(y) = -143*y + 976. Determine q(7).
-25
Let k(u) = -u**2 + 140*u - 3825. Calculate k(37).
-14
Let s(q) = -q**3 - 13*q**2 - 99*q + 36. What is s(-12)?
1080
Let v(f) = f**3 + 8*f**2 - 153*f - 671. Calculate v(-4).
5
Let s(k) = -242*k + 963. What is s(5)?
-247
Let w(f) = -f**3 + 14*f**2 + 27*f - 23. What is w(15)?
157
Let h(v) = 938*v + 8442. Determine h(-9).
0
Let r(i) = 14*i**2 - 12*i - 32. Calculate r(-5).
378
Let j(r) = -30*r + 217. Give j(9).
-53
Let s(j) = 2714*j - 13568. Give s(5).
2
Let s(c) = 2006*c + 12022. What is s(-6)?
-14
Let d(j) = -29*j + 1040. Give d(25).
315
Let d(c) = -18*c**3 + 126*c**2 + 11*c + 14. Calculate d(7).
91
Let b(v) = -v**3 + 6*v**2 + 32*v - 22. Determine b(-4).
10
Let x(u) = 15*u - 775. Calculate x(51).
-10
Let f(r) = -1197*r - 10775. What is f(-9)?
-2
Let z(o) = -2*o**3 + 6*o**2 - 23*o + 29. Give z(2).
-9
Let p(a) = 1169*a - 5842. Give p(5).
3
Let k(h) = -136*h + 439. What is k(3)?
31
Let b(u) = 12*u**3 - 104*u**2 + 80*u - 135. Calculate b(8).
-7
Let a(n) = n**3 - 35*n**2 - 122*n - 21. What is a(-3)?
3
Let j(d) = -d**2 - 57*d - 610. Give j(-33).
182
Let t(f) = -f**3 - 14*f**2 - 96*f - 484. What is t(-9)?
-25
Let a(b) = 6*b**3 - 3*b**2 - 4*b + 14. What is a(3)?
137
Let o(v) = -80*v - 30. Calculate o(-1).
50
Let a(g) = -151*g + 1736. Calculate a(12).
-76
Let w(r) = -3*r**3 - 7*r**2 + 3*r + 6. Determine w(-4).
74
Let q(v) = -98*v + 562. Calculate q(6).
-26
Let r(q) = 28*q - 143. Give r(7).
53
Let l(m) = 4*m**3 - 142*m**2 + 140*m. Give l(1).
2
Let d(g) = 5*g**2 - 150*g + 153. What is d(29)?
8
Let m(n) = -n**2 - 2034*n - 10143. Give m(-5).
2
Let b(h) = -2*h**3 - 19*h**2 + 20*h + 296. Calculate b(-8).
-56
Let j(a) = -a**2 - 70*a - 740. What is j(-57)?
1
Let w(s) = s**2 + 17*s - 628. Give w(-33).
-100
Let k(z) = z**3 - 62*z**2 + 66*z - 297. Determine k(61).
8
Let k(y) = -44*y**3 - 4*y**2 - 9*y - 2. What is k(-2)?
352
Let g(f) = -3*f**2 + 126*f - 1267. Give g(13).
-136
Let i(n) = 17*n + 318. Calculate i(-19).
-5
Let p(v) = -v**3 - 30*v**2 + 48*v - 129. Give p(-32).
383
Let o(c) = 328*c**2 + 6*c - 6. Calculate o(1).
328
Let n(u) = 2*u**3 + 41*u**2 - 21*u + 17. Determine n(-21).
17
Let y(p) = 61*p + 11. Determine y(-4).
-233
Let t(m) = -m**3 + 76*m**2 + 644*m - 5223. Calculate t(83).
6
Let q(o) = 49*o**2 + 11*o + 11. Calculate q(-1).
49
Let q(m) = -m**3 + 101*m**2 - 549*m - 1993. Calculate q(95).
2
Let z(p) = 109*p - 423. Calculate z(4).
13
Let k(y) = y**2 - 21*y - 22. Give k(20).
-42
Let l(x) = -3*x**2 + 3*x + 5. Calculate l(1).
5
Let o(h) = -600*h - 39608. Determine o(-66).
-8
Let s(r) = r**3 - 10*r**2 + 9*r + 36. Calculate s(7).
-48
Let s(g) = -2*g**3 - 19*g**2 - 16*g - 19. Calculate s(-9).
44
Let k(x) = 15*x + 56. Determine k(-13).
-139
Let r(x) = -x**3 + 17*x**2 + 36*x + 85. What is r(19)?
47
Let l(d) = -2*d**3 - 122*d**2 - 124*d - 273. Determine l(-60).
-33
Let k(q) = -336*q - 18797. What is k(-56)?
19
Let g(n) = 867*n - 13860. Give g(16).
12
Let s(f) = -f**2 - 748*f - 6646. Determine s(-9).
5
Let p(g) = -7*g**2 - 15*g + 16. Give p(-2).
18
Let l(n) = 6*n**2 + 49*n - 641. What is l(7)?
-4
Let t(n) = -6*n - 323. What is t(-49)?
-29
Let n(m) = -m**2 + 44*m - 329. Calculate n(24).
151
Let f(h) = -13*h**2 + 367*h - 91. Determine f(28).
-7
Let u(h) = h**2 - 148*h - 2474. What is u(-15)?
-29
Let q(y) = -321*y - 1284. Calculate q(-4).
0
Let s(i) = -i - 15. What is s(-14)?
-1
Let i(z) = 60*z + 446. Determine i(-7).
26
Let l(z) = 2*z**2 - 80*z + 368. What is l(5)?
18
Let h(b) = 4*b**2 + 62*b - 19. Calculate h(-23).
671
Let n(x) = 101*x**2 + 2. Determine n(-1).
103
Let i(l) = 2943*l - 64744. Calculate i(22).
2
Let m(s) = -32*s**3 - 3*s - 6. What is m(2)?
-268
Let s(h) = 32*h**2 + 279*h - 2. Calculate s(-8).
-186
Let u(g) = 2133*g + 4279. Give u(-2).
13
Let i(m) = 18*m**2 - 102*m + 8. What is i(8)?
344
Let z(c) = -c**3 + 17*c**2 + 52*c - 185. Calculate z(19).
81
Let p(c) = 356*c**2 - 29*c + 30. Give p(1).
357
Let a(r) = -r**3 - 69*r**2 + 1537*r - 2521. Give a(-87).
2
Let f(o) = -262*o + 3149. What is f(12)?
5
Let m(u) = 234*u - 3780. Give m(17).
198
Let r(b) = 2*b**2 - 18*b - 30. Determine r(7).
-58
Let b(l) = 218*l + 877. Determine b(-7).
-649
Let r(k) = k**2 - 37*k + 299. What is r(25)?
-1
Let x(g) = 5*g**2 + 7*g - 7109. Determine x(37).
-5
Let r(l) = 2047*l - 18422. Determine r(9).
1
Let b(i) = 89*i - 10676. Give b(120).
4
Let v(c) = 4*c**2 - 713*c + 14288. Give v(23).
5
Let h(k) = -k**3 - 6*k**2 + 45*k + 10. Determine h(-10).
-40
Let k(l) = -l**2 + 193*l - 6. Determine k(0).
-6
Let g(u) = 80*u + 1775. What is g(-14)?
655
Let j(s) = -4*s**2 + 166. What is j(14)?
-618
Let q(j) = -j**3 - 34*j**2 - 90*j - 1029. What is q(-32)?
-197
Let r(g) = -175*g + 25. Determine r(0).
25
Let t(b) = -10*b**3 - 142*b**2 + 124*b - 12. Give t(-15).
-72
Let m(g) = -g**2 + 185*g + 33680. What is m(-113)?
6
Let o(j) = 9*j**2 - 202*j - 18. Determine o(23).
97
Let j(n) = 2*n**2 + 13*n - 426